o + 8 = -4*u, -5*u + 0*o = y*o - 31. What is the units digit of u?
3
Let z(g) = 2*g**2 - 15*g + 2. What is the units digit of z(11)?
9
Let a(l) = -7*l - 15. What is the units digit of a(-8)?
1
Suppose -15*g = -10*g - 10. Let v(a) = 9*a**2 + a + 2. What is the units digit of v(g)?
0
Suppose -t - 4*k = 3*t - 120, -4*t + 84 = -5*k. What is the tens digit of t?
2
Let j = 5 - 3. Suppose r = j*r - 13. What is the tens digit of r?
1
What is the tens digit of 1809/(-9)*(-2)/6?
6
Let c = 7 - 10. Let n = -1 - c. Suppose 5*k - n = 3. What is the units digit of k?
1
Suppose 0 = -15*l + 2702 - 932. What is the tens digit of l?
1
Suppose -5*w + 1 = -4*w. What is the units digit of 9/(w*(-1 - -2))?
9
Suppose -4*r + 20 = 4*w, -3*w + 2 + 3 = -2*r. Suppose -w*z + 5*z - 42 = 0. What is the units digit of z?
1
Suppose w = -3*k - 0*k + 62, 13 = 2*k - 5*w. What is the tens digit of k?
1
Suppose -173 = -4*m - m + 2*a, 0 = -4*m + a + 139. Let y = m - 24. What is the tens digit of y?
1
What is the units digit of 2/(1 - 2) - -3?
1
Let c be 0/((-2)/(2/1)). Suppose -72 = -c*f - 4*f. What is the units digit of f?
8
Let p be (-8 - 2)/((-2)/15). Suppose -p = -4*j + 5. What is the tens digit of j?
2
Suppose 2*f - 35 = -5*k + 6*f, -k - 17 = 4*f. What is the units digit of k?
3
Let r = 143 - 242. Let t be ((-2)/(-1))/2*21. What is the units digit of 6/t - r/21?
5
Let p = 11 - 11. Suppose h + 1 + 1 = p. What is the units digit of 6/h - (-22 + 7)?
2
Let r = -124 - -246. What is the tens digit of r?
2
Let v(c) = c**2 - 4*c + 2. Let q be v(4). Suppose -8 = -5*t + q. Suppose t*x + 0 = 20. What is the tens digit of x?
1
Suppose 3*p = 4*u - 0*u - 2, 5*u = 4*p + 2. Suppose p*x + 132 = 6*x. What is the tens digit of x?
3
Suppose 0 = 4*s - 103 - 117. What is the tens digit of s?
5
Let z(m) = 25*m + 10. What is the units digit of z(5)?
5
What is the tens digit of 16/28 + 1/(-7)*-1361?
9
Let t(n) = 5*n**2 - 8. Let a = 1 - -3. Let f(j) = -j**2 + j + 1. Let i(r) = a*f(r) + t(r). What is the units digit of i(-5)?
1
Let o(r) = r**3 + 3*r**2 - 4*r - 4. Let n be (-4)/10 + 12/5. Suppose -9 = -p - 5, -n*p + 2 = 2*k. What is the units digit of o(k)?
8
Suppose 4*h = 3*h + 34. Suppose 32 = -4*g - 4*w, -4*g - h - 10 = -2*w. Let s(y) = y**2 + 11*y + 15. What is the units digit of s(g)?
5
Let j(n) = n**3 - 10*n**2 + 10*n - 12. Let p be j(9). What is the units digit of 2 + p + (9 - 1)?
7
Let b(k) = -k**3 + 5*k**2 + 6*k - 5. Let i be b(6). Let x = i + 2. What is the units digit of ((-40)/(-15))/((-2)/x)?
4
Suppose -4*w + 2 + 2 = 0. Suppose l - 7 - w = 0. Suppose -5*h = -l - 37. What is the units digit of h?
9
Let o = -5 + 7. Suppose -4*r = 4*g - 48, -36 = -5*g + 3*g + o*r. What is the units digit of g?
5
Let t(r) = r**3 - 2*r**2 - 3*r. Let q be t(3). Suppose -2*w - 14 = -4*w. Suppose -u + 3*n - w = q, -9 = -5*n + 11. What is the units digit of u?
5
What is the tens digit of 35 + -1 + (3 - 1)?
3
Let j be ((-2)/(-4))/(-1)*0. Suppose 0*x = -y + 3*x + 1, 3*y + x - 23 = j. Let f = y + -1. What is the units digit of f?
6
Let q(p) = 10*p. Let w be q(-3). Let u = -8 - w. What is the tens digit of u?
2
Suppose 193 + 190 = 4*o - 5*v, -4*o = 5*v - 353. What is the units digit of o?
2
Suppose 6*d + 5*i = 2*d - 15, d = 2*i - 7. What is the units digit of (-131)/d + (-1)/5?
6
Suppose 5 = 2*z + 3*l, 0*z - 4*z = l - 15. What is the units digit of z?
4
Let p = 4 - -1. Let d be 2/p - 160/25. What is the tens digit of (-5)/(-30) + (-59)/d?
1
Let h(o) = -2*o + 6. Let l(c) = c - 6. Let b(g) = 3*h(g) + 4*l(g). Let d(a) = -5*a**2 + a - 1. Let k be d(1). What is the units digit of b(k)?
4
Suppose -2*s - 3*s = 2*h - 87, -3*h - 88 = -4*s. Let p(o) = o**2 - 7. Let a be p(0). Let f = s + a. What is the units digit of f?
2
Let p(w) = 6*w + 56. Let g(r) = -r - 11. Let f(n) = -11*g(n) - 2*p(n). What is the units digit of f(0)?
9
Let r = 29 + -7. What is the units digit of r?
2
Suppose -a - 4 = -3*i, 0 = 5*a - i - 2 - 6. Suppose 11 = d + 3*j - a, -3*j - 25 = -d. Suppose 0 = 2*v - v - d. What is the units digit of v?
9
Let v = 1 - 3. Let i be -8 - (v - -3) - -2. What is the units digit of (i - -4)/((-6)/10)?
5
Let h = 175 + -121. What is the tens digit of h?
5
Let o(z) = 2*z**2 + 10*z + 7. What is the units digit of o(-7)?
5
Suppose 3*l = 2*n - 70, 2*l + 0*l - 156 = -4*n. What is the units digit of n?
8
Let k(u) = -2*u**2 + 56*u. What is the hundreds digit of k(19)?
3
Let a(c) = c + 1. Let l be a(3). Suppose h - 74 = f - h, l*h = 5*f + 340. What is the units digit of (f/40)/(2/(-5))?
4
Let u be (2 - 5)*5/(-3). Suppose -85 = -u*x + 6*y - 3*y, -3*y - 43 = -2*x. What is the tens digit of x?
1
Let i(f) = -2*f + 14. What is the units digit of i(6)?
2
Suppose n + 469 = 4*y, 6*y = 2*y - 4*n + 444. What is the hundreds digit of y?
1
Let y = 99 - 81. What is the tens digit of y?
1
Suppose 5*r = 5*q - 220, -29 = -q + 4*r - 8*r. What is the units digit of q?
1
Let s(n) be the first derivative of -n**3/3 + 9*n**2/2 - 9*n - 3. What is the units digit of s(6)?
9
What is the hundreds digit of -3 + (-12)/4 - -154?
1
Let v(u) = 3 + 2*u**3 + 4*u + u**3 - 2*u**3. Let q be v(-2). Let m = q - -21. What is the units digit of m?
8
Let f(a) = -20*a - 3. What is the units digit of f(-8)?
7
Let r(d) = d. Let z be r(-14). Let x = z + 31. What is the tens digit of x?
1
Suppose -175 = -3*v - 25. Suppose x - g = g + 35, 5*g = x - v. What is the tens digit of x?
2
What is the hundreds digit of 3/(4 - (-1186)/(-298))?
1
Suppose -2*v - 10 = 2*i, -i - 5 = -5*v - 0. Let r(c) = -c**3 + 4*c + v*c**3 + 0*c - c**2. What is the units digit of r(-3)?
6
Let a be 1/(-3)*(-24)/(-8). Let x = 2 + a. What is the units digit of x?
1
Let q(l) = l**3 - 13*l**2 + 3*l - 15. Let c be q(13). Let x be ((-4)/(-3))/((-1)/(-3)). Suppose x*p - c = p. What is the units digit of p?
8
Let r = 186 - -1002. What is the units digit of r/28 - 9/21?
2
What is the tens digit of (418/(-33))/((-1)/3)?
3
Let s be (28/(-21))/((-4)/42). Suppose -2*y - y = 24. Let o = s + y. What is the units digit of o?
6
Let a(z) be the third derivative of -z**5/24 + z**4/24 + z**3/2 - 2*z**2. Let t(s) be the first derivative of a(s). What is the tens digit of t(-3)?
1
Let d be 159/15 + 12/40*-2. Let l = -8 - -4. Let a = d + l. What is the units digit of a?
6
What is the units digit of -55*(0 + -2 - -1)?
5
What is the tens digit of (-2)/4*(0 - 28)?
1
Suppose -2*d + 3*w + 6 = 2*w, -4*d - 4*w - 12 = 0. What is the units digit of d?
1
Suppose 2*q + 5*p = 257, 0 = -q - 4*p + 49 + 87. What is the units digit of q?
6
Suppose -3*z - 16 = -7*z. Suppose 26 = -z*w + 6*w. What is the tens digit of w?
1
Let x(p) = -p**3 + 6*p**2 + 4*p - 6. Let t be x(6). Suppose -3*k = 3*w - t, w = -4*k + 17 + 10. What is the units digit of k?
7
Let a = -8 + 5. Let v = a + 19. What is the units digit of v?
6
Let n(a) = -a**3 - 6*a**2 - 2*a - 7. Let o be n(-6). Let f = -4 + o. What is the units digit of 1 + 2 + f - 0?
4
Let g = 6 - 10. Let n = -3 - -3. Let y = n - g. What is the units digit of y?
4
Suppose -3*a - 3*y = a - 473, 2*y - 593 = -5*a. What is the hundreds digit of a?
1
Let d(m) = -21*m - 18. Let u(n) = -6*n - 5. Let c(j) = -5*d(j) + 18*u(j). Let b be c(-1). Suppose -b*w + 50 = 2*w. What is the units digit of w?
0
Let x be (-1)/(6/2 - 2). Let u be (-150)/(-5) - (x + 1). Suppose 0 = b - 4*g + 11 - u, 5*b + 3*g - 3 = 0. What is the units digit of b?
3
Let j(i) = i + 4. Let w be j(-4). Suppose -7*u + 2*u + 5 = w. What is the units digit of u?
1
Suppose -2*u + 5*k = -134, -u - k + 19 + 48 = 0. Suppose 4*n = 2*m + 5*n - u, -5*n = m - 11. What is the units digit of m?
6
Let j = 4 - 7. Let b be 3/j*-1*-4. Let d = b - -16. What is the units digit of d?
2
What is the hundreds digit of ((-4)/3)/(-3*8/1836)?
1
Let o(n) be the first derivative of n**3/3 - 2*n**2 - 8*n + 3. What is the units digit of o(6)?
4
Let b(r) = -r**2 - 4*r + 4. What is the units digit of b(-4)?
4
Let p = 6 - 2. Suppose -5*c = -3*u - 19, -3*u - 3*c + 17 = -p. Let r(q) = q**2 + 3*q - 2. What is the units digit of r(u)?
8
Suppose -5*w + 7 = -3*l, -w + 0*l + 1 = -l. Let h = 2 + w. What is the units digit of h?
4
Suppose -4*v - v + 4*w = -120, 3*w - 43 = -v. What is the units digit of v?
8
Let y = -1 + 3. Suppose -5*t + y = -3. What is the units digit of t?
1
Suppose 12 = w - 3*w. 